{"id":22,"date":"2017-04-05T13:58:24","date_gmt":"2017-04-05T13:58:24","guid":{"rendered":"https:\/\/luzdealba.es\/alojamientos\/?page_id=22"},"modified":"2017-09-28T07:57:32","modified_gmt":"2017-09-28T07:57:32","slug":"alojamiento-lagunas-de-ruidera","status":"publish","type":"page","link":"https:\/\/luzdealba.es\/alojamientos\/alojamiento-lagunas-de-ruidera\/","title":{"rendered":"Alojamiento Lagunas de Ruidera"},"content":{"rendered":"<div id='layer_slider_1' class='avia-layerslider main_color avia-shadow  container_wrap sidebar_right'    style='height: 651px;' ><\/div>\n<\/div><\/div><\/div><!-- close content main div --><\/div><\/div><div id='av_section_1' class='avia-section main_color avia-section-default avia-no-shadow avia-bg-style-scroll  container_wrap sidebar_right'   ><div class='container' ><div class='template-page content  av-content-small alpha units'><div class='post-entry post-entry-type-page post-entry-22'><div class='entry-content-wrapper clearfix'>\n<div class=\"flex_column av_one_half  flex_column_div av-zero-column-padding first  \" style='border-radius:0px; '><p><div style='padding-bottom:10px;' class='av-special-heading av-special-heading-h2   '><h2 class='av-special-heading-tag'  itemprop=\"headline\"  >LOS DETALLES<\/h2><div class='special-heading-border'><div class='special-heading-inner-border' ><\/div><\/div><\/div><br \/>\n<section class=\"av_textblock_section\"  itemscope=\"itemscope\" itemtype=\"https:\/\/schema.org\/CreativeWork\" ><div class='avia_textblock '   itemprop=\"text\" ><p>Llenos de detalles\u00a0como:<\/p>\n<ul>\n<li>Mirador astral sobre la cama,<\/li>\n<li>\u201cNido\u201d suspendido sobre los olivos que dispone de cojines gigantes en el suelo para tumbarte y relajarte mientras contemplas la naturaleza, lees o escuchas m\u00fasica,<\/li>\n<li>Hamacas desde donde contemplar el mar de olivos mientras te balanceas,<\/li>\n<li>Amplios ventanales desde el suelo hasta el techo para que te sientas parte integrante de la naturaleza,<\/li>\n<li>Chimenea que proporciona un ambiente c\u00e1lido y te dejar\u00e1 hipnotizado con sus llamas,<\/li>\n<li>Zona al aire libre que dispone de cortina de agua y ba\u00f1era ergon\u00f3mica que invita a darse un ba\u00f1o a la luz de las velas incrustadas en los muros de piedra construidos por m\u00e9todos tradicionales,<\/li>\n<li>Cama de 1,60 x 2,00 m sobre tatami,<\/li>\n<li>S\u00e1banas de algod\u00f3n 100% y colchones de alta gama que aportan una extraordinaria calidad de descanso,<\/li>\n<li>2 espaciosos y originales WC con amplia encimera y doble lavabo,<\/li>\n<li>Velas que iluminan las estancias,<\/li>\n<li>Amenities de alta cosm\u00e9tica elaborados con aceite de oliva,<\/li>\n<li>Cesta de fruta de bienvenida,\u2026<\/li>\n<\/ul>\n<\/div><\/section><\/p><\/div><div class=\"flex_column av_one_half  flex_column_div av-zero-column-padding   \" style='border-radius:0px; '><p><div style='padding-bottom:10px;' class='av-special-heading av-special-heading-h2   '><h2 class='av-special-heading-tag'  itemprop=\"headline\"  >LOS SERVICIOS<\/h2><div class='special-heading-border'><div class='special-heading-inner-border' ><\/div><\/div><\/div><br \/>\n<section class=\"av_textblock_section\"  itemscope=\"itemscope\" itemtype=\"https:\/\/schema.org\/CreativeWork\" ><div class='avia_textblock '   itemprop=\"text\" ><div class=\"column-container col-sm-6 col-lg-4 col-md-4 col-xs-12\">\n<div class=\"ts-list ts-list-circle\">\n<ul>\n<li>Capacidad para 4 personas y beb\u00e9 de hasta 2 a\u00f1os.<\/li>\n<li>Accesibles para personas en silla de ruedas.<\/li>\n<li>Admitimos mascotas.<\/li>\n<li>Chimenea de pellets.<\/li>\n<li>Mini cocina equipada.<\/li>\n<li>Aire acondicionado.<\/li>\n<li>Servicio de lavander\u00eda.<\/li>\n<\/ul>\n<\/div>\n<\/div>\n<div class=\"column-container col-sm-6 col-lg-4 col-md-4 col-xs-12\">\n<div class=\"ts-list ts-list-circle\">\n<ul>\n<li>Zona chill out.<\/li>\n<li>Tablet para acceso a internet, m\u00fasica e informaci\u00f3n de servicios.<\/li>\n<li>Wifi<\/li>\n<li>2 Ba\u00f1os privados.<\/li>\n<li>Secador de pelo.<\/li>\n<li>Espejo de aumento.<\/li>\n<li>Zona relajante de agua al aire libre.<\/li>\n<\/ul>\n<\/div>\n<\/div>\n<div class=\"column-container col-sm-6 col-lg-4 col-md-4 col-xs-12\">\n<div class=\"ts-list ts-list-circle\">\n<ul>\n<li>Televisor LCD de gran formato.<\/li>\n<li>Camas amplias de uso doble o individual.<\/li>\n<li>Mini-bar.<\/li>\n<li>Hamaca doble, mecedora y tumbona de cuero butterfly.<\/li>\n<li>Sof\u00e1 de 3 plazas de tejido mystic y sof\u00e1 cama de m\u00e1ximo confort.<\/li>\n<li>Caja de seguridad.<\/li>\n<li>Aparcamiento gratuito.<\/li>\n<li>Cuna para beb\u00e9.<\/li>\n<\/ul>\n<\/div>\n<\/div>\n<\/div><\/section><\/p><\/div><\/div><\/div><\/div><!-- close content main div --><\/div><\/div><div id='after_section_1' class='main_color av_default_container_wrap container_wrap sidebar_right'   ><div class='container' ><div class='template-page content  av-content-small alpha units'><div class='post-entry post-entry-type-page post-entry-22'><div class='entry-content-wrapper clearfix'>\n","protected":false},"excerpt":{"rendered":"","protected":false},"author":2,"featured_media":0,"parent":0,"menu_order":0,"comment_status":"closed","ping_status":"closed","template":"","meta":[],"yoast_head":"<!-- This site is optimized with the Yoast SEO plugin v17.7.1 - https:\/\/yoast.com\/wordpress\/plugins\/seo\/ -->\n<title>Alojamiento Lagunas de Ruidera | Luz de Alba - Alojamientos<\/title>\n<meta name=\"robots\" content=\"index, follow, max-snippet:-1, max-image-preview:large, max-video-preview:-1\" \/>\n<link rel=\"canonical\" href=\"https:\/\/luzdealba.es\/alojamientos\/alojamiento-lagunas-de-ruidera\/\" \/>\n<meta property=\"og:locale\" content=\"es_ES\" \/>\n<meta property=\"og:type\" content=\"article\" \/>\n<meta property=\"og:title\" content=\"Alojamiento Lagunas de Ruidera | Luz de Alba - Alojamientos\" \/>\n<meta property=\"og:url\" content=\"https:\/\/luzdealba.es\/alojamientos\/alojamiento-lagunas-de-ruidera\/\" \/>\n<meta property=\"og:site_name\" content=\"Luz de Alba - Alojamientos\" \/>\n<meta property=\"article:publisher\" content=\"https:\/\/www.facebook.com\/fluzdealba\/\" \/>\n<meta property=\"article:modified_time\" content=\"2017-09-28T07:57:32+00:00\" \/>\n<meta name=\"twitter:card\" content=\"summary\" \/>\n<meta name=\"twitter:site\" content=\"@AceiteLuzdeAlba\" \/>\n<meta name=\"twitter:label1\" content=\"Tiempo de lectura\" \/>\n\t<meta name=\"twitter:data1\" content=\"3 minutos\" \/>\n<script type=\"application\/ld+json\" class=\"yoast-schema-graph\">{\"@context\":\"https:\/\/schema.org\",\"@graph\":[{\"@type\":\"WebSite\",\"@id\":\"https:\/\/luzdealba.es\/alojamientos\/#website\",\"url\":\"https:\/\/luzdealba.es\/alojamientos\/\",\"name\":\"Luz de Alba - Alojamientos\",\"description\":\"Alojamientos en Lagunas de Ruidera\",\"potentialAction\":[{\"@type\":\"SearchAction\",\"target\":{\"@type\":\"EntryPoint\",\"urlTemplate\":\"https:\/\/luzdealba.es\/alojamientos\/?s={search_term_string}\"},\"query-input\":\"required name=search_term_string\"}],\"inLanguage\":\"es\"},{\"@type\":\"WebPage\",\"@id\":\"https:\/\/luzdealba.es\/alojamientos\/alojamiento-lagunas-de-ruidera\/#webpage\",\"url\":\"https:\/\/luzdealba.es\/alojamientos\/alojamiento-lagunas-de-ruidera\/\",\"name\":\"Alojamiento Lagunas de Ruidera | Luz de Alba - Alojamientos\",\"isPartOf\":{\"@id\":\"https:\/\/luzdealba.es\/alojamientos\/#website\"},\"datePublished\":\"2017-04-05T13:58:24+00:00\",\"dateModified\":\"2017-09-28T07:57:32+00:00\",\"breadcrumb\":{\"@id\":\"https:\/\/luzdealba.es\/alojamientos\/alojamiento-lagunas-de-ruidera\/#breadcrumb\"},\"inLanguage\":\"es\",\"potentialAction\":[{\"@type\":\"ReadAction\",\"target\":[\"https:\/\/luzdealba.es\/alojamientos\/alojamiento-lagunas-de-ruidera\/\"]}]},{\"@type\":\"BreadcrumbList\",\"@id\":\"https:\/\/luzdealba.es\/alojamientos\/alojamiento-lagunas-de-ruidera\/#breadcrumb\",\"itemListElement\":[{\"@type\":\"ListItem\",\"position\":1,\"name\":\"Portada\",\"item\":\"https:\/\/luzdealba.es\/alojamientos\/\"},{\"@type\":\"ListItem\",\"position\":2,\"name\":\"Alojamiento Lagunas de Ruidera\"}]}]}<\/script>\n<!-- \/ Yoast SEO plugin. -->","yoast_head_json":{"title":"Alojamiento Lagunas de Ruidera | Luz de Alba - Alojamientos","robots":{"index":"index","follow":"follow","max-snippet":"max-snippet:-1","max-image-preview":"max-image-preview:large","max-video-preview":"max-video-preview:-1"},"canonical":"https:\/\/luzdealba.es\/alojamientos\/alojamiento-lagunas-de-ruidera\/","og_locale":"es_ES","og_type":"article","og_title":"Alojamiento Lagunas de Ruidera | Luz de Alba - Alojamientos","og_url":"https:\/\/luzdealba.es\/alojamientos\/alojamiento-lagunas-de-ruidera\/","og_site_name":"Luz de Alba - Alojamientos","article_publisher":"https:\/\/www.facebook.com\/fluzdealba\/","article_modified_time":"2017-09-28T07:57:32+00:00","twitter_card":"summary","twitter_site":"@AceiteLuzdeAlba","twitter_misc":{"Tiempo de lectura":"3 minutos"},"schema":{"@context":"https:\/\/schema.org","@graph":[{"@type":"WebSite","@id":"https:\/\/luzdealba.es\/alojamientos\/#website","url":"https:\/\/luzdealba.es\/alojamientos\/","name":"Luz de Alba - Alojamientos","description":"Alojamientos en Lagunas de Ruidera","potentialAction":[{"@type":"SearchAction","target":{"@type":"EntryPoint","urlTemplate":"https:\/\/luzdealba.es\/alojamientos\/?s={search_term_string}"},"query-input":"required name=search_term_string"}],"inLanguage":"es"},{"@type":"WebPage","@id":"https:\/\/luzdealba.es\/alojamientos\/alojamiento-lagunas-de-ruidera\/#webpage","url":"https:\/\/luzdealba.es\/alojamientos\/alojamiento-lagunas-de-ruidera\/","name":"Alojamiento Lagunas de Ruidera | Luz de Alba - Alojamientos","isPartOf":{"@id":"https:\/\/luzdealba.es\/alojamientos\/#website"},"datePublished":"2017-04-05T13:58:24+00:00","dateModified":"2017-09-28T07:57:32+00:00","breadcrumb":{"@id":"https:\/\/luzdealba.es\/alojamientos\/alojamiento-lagunas-de-ruidera\/#breadcrumb"},"inLanguage":"es","potentialAction":[{"@type":"ReadAction","target":["https:\/\/luzdealba.es\/alojamientos\/alojamiento-lagunas-de-ruidera\/"]}]},{"@type":"BreadcrumbList","@id":"https:\/\/luzdealba.es\/alojamientos\/alojamiento-lagunas-de-ruidera\/#breadcrumb","itemListElement":[{"@type":"ListItem","position":1,"name":"Portada","item":"https:\/\/luzdealba.es\/alojamientos\/"},{"@type":"ListItem","position":2,"name":"Alojamiento Lagunas de Ruidera"}]}]}},"_links":{"self":[{"href":"https:\/\/luzdealba.es\/alojamientos\/wp-json\/wp\/v2\/pages\/22"}],"collection":[{"href":"https:\/\/luzdealba.es\/alojamientos\/wp-json\/wp\/v2\/pages"}],"about":[{"href":"https:\/\/luzdealba.es\/alojamientos\/wp-json\/wp\/v2\/types\/page"}],"author":[{"embeddable":true,"href":"https:\/\/luzdealba.es\/alojamientos\/wp-json\/wp\/v2\/users\/2"}],"replies":[{"embeddable":true,"href":"https:\/\/luzdealba.es\/alojamientos\/wp-json\/wp\/v2\/comments?post=22"}],"version-history":[{"count":4,"href":"https:\/\/luzdealba.es\/alojamientos\/wp-json\/wp\/v2\/pages\/22\/revisions"}],"predecessor-version":[{"id":3931,"href":"https:\/\/luzdealba.es\/alojamientos\/wp-json\/wp\/v2\/pages\/22\/revisions\/3931"}],"wp:attachment":[{"href":"https:\/\/luzdealba.es\/alojamientos\/wp-json\/wp\/v2\/media?parent=22"}],"curies":[{"name":"wp","href":"https:\/\/api.w.org\/{rel}","templated":true}]}}